{"id":463,"date":"2024-01-19T10:36:13","date_gmt":"2024-01-19T09:36:13","guid":{"rendered":"https:\/\/utveckling.earhear.net\/?page_id=463"},"modified":"2025-08-16T11:13:37","modified_gmt":"2025-08-16T09:13:37","slug":"mastering","status":"publish","type":"page","link":"https:\/\/earhear.net\/?page_id=463","title":{"rendered":"Mastering"},"content":{"rendered":"\t\t<div data-elementor-type=\"wp-page\" data-elementor-id=\"463\" class=\"elementor elementor-463\" data-elementor-post-type=\"page\">\n\t\t\t\t<div class=\"elementor-element elementor-element-049c5bb e-flex e-con-boxed e-con e-parent\" data-id=\"049c5bb\" data-element_type=\"container\" data-e-type=\"container\">\n\t\t\t\t\t<div class=\"e-con-inner\">\n\t\t<div class=\"elementor-element elementor-element-04c0be2 e-con-full e-flex e-con e-child\" data-id=\"04c0be2\" data-element_type=\"container\" data-e-type=\"container\">\n\t\t\t\t<div class=\"elementor-element elementor-element-81d083d elementor-widget__width-initial elementor-widget elementor-widget-image\" data-id=\"81d083d\" data-element_type=\"widget\" data-e-type=\"widget\" data-widget_type=\"image.default\">\n\t\t\t\t<div class=\"elementor-widget-container\">\n\t\t\t\t\t\t\t\t\t\t\t\t\t\t\t<img decoding=\"async\" width=\"198\" height=\"146\" src=\"https:\/\/earhear.net\/wp-content\/uploads\/2024\/01\/Skarmavbild-2024-01-13-kl.-15.54.34.png\" class=\"attachment-full size-full wp-image-372\" alt=\"\" \/>\t\t\t\t\t\t\t\t\t\t\t\t\t\t\t<\/div>\n\t\t\t\t<\/div>\n\t\t\t\t<\/div>\n\t\t<div class=\"elementor-element elementor-element-ef03fee e-con-full e-flex e-con e-child\" data-id=\"ef03fee\" data-element_type=\"container\" data-e-type=\"container\">\n\t\t\t\t<div class=\"elementor-element elementor-element-d15fa60 elementor-widget elementor-widget-text-editor\" data-id=\"d15fa60\" data-element_type=\"widget\" data-e-type=\"widget\" data-widget_type=\"text-editor.default\">\n\t\t\t\t<div class=\"elementor-widget-container\">\n\t\t\t\t\t\t\t\t\t<div class=\"wp-block-columns\">\n<div class=\"wp-block-column\">\n<p>Mastering \u2013 den sista konstn\u00e4rliga delen av din produktion, d\u00e4r din skapade ljudbild &#8221;limmas&#8221; ihop till en homogen lyssningsupplevelse. Med noga utvalda analoga och digitala verktyg f\u00f6r\u00e4dlas din musik.<\/p>\n<!-- \/wp:paragraph --><!-- wp:paragraph -->\n<p>Jag tar emot din musik, mastrar och skickar tillbaka. Enligt min erfarenhet g\u00f6r det att du kan lyssna i den utrustning du \u00e4r van och k\u00e4nner dig hemma &#8211; d\u00e4r du vet hur det l\u00e5ter. Du kan i lugn och ro ta beslut om vad du tycker i en stressfri milj\u00f6 som unnar din produktion den tid och omtanke den \u00e4r v\u00e4rd. Utifr\u00e5n din upplevelse diskuterar vi sedan vidare f\u00f6r att n\u00e5 dit du vill med ditt ljud.<\/p>\n<p>H\u00f6r av dig f\u00f6r att diskutera ditt projekt!<\/p>\n<!-- \/wp:paragraph --><\/div>\n<!-- \/wp:column --><\/div>\n<p><!-- \/wp:columns --><!-- wp:buttons {\"layout\":{\"type\":\"flex\",\"justifyContent\":\"center\",\"verticalAlignment\":\"bottom\"}} --><\/p>\n<div class=\"wp-block-buttons\"><!-- wp:button {\"backgroundColor\":\"nv-light-bg\",\"textColor\":\"neve-text-color\",\"style\":{\"elements\":{\"link\":{\"color\":{\"text\":\"var:preset|color|neve-text-color\"}}},\"spacing\":{\"padding\":{\"top\":\"var:preset|spacing|30\",\"bottom\":\"var:preset|spacing|30\"}},\"border\":{\"width\":\"3px\",\"radius\":\"100px\"}}} -->\n<div class=\"wp-block-button\">\u00a0<\/div>\n<\/div>\t\t\t\t\t\t\t\t<\/div>\n\t\t\t\t<\/div>\n\t\t\t\t<div class=\"elementor-element elementor-element-f570bb2 elementor-align-center elementor-widget elementor-widget-button\" data-id=\"f570bb2\" data-element_type=\"widget\" data-e-type=\"widget\" data-widget_type=\"button.default\">\n\t\t\t\t<div class=\"elementor-widget-container\">\n\t\t\t\t\t\t\t\t\t<div class=\"elementor-button-wrapper\">\n\t\t\t\t\t<a class=\"elementor-button elementor-button-link elementor-size-sm\" href=\"https:\/\/earhear.net\/?page_id=75\">\n\t\t\t\t\t\t<span class=\"elementor-button-content-wrapper\">\n\t\t\t\t\t\t\t\t\t<span class=\"elementor-button-text\">Kontakt<\/span>\n\t\t\t\t\t<\/span>\n\t\t\t\t\t<\/a>\n\t\t\t\t<\/div>\n\t\t\t\t\t\t\t\t<\/div>\n\t\t\t\t<\/div>\n\t\t\t\t<\/div>\n\t\t\t\t\t<\/div>\n\t\t\t\t<\/div>\n\t\t<div class=\"elementor-element elementor-element-1d1bca4 e-flex e-con-boxed e-con e-parent\" data-id=\"1d1bca4\" data-element_type=\"container\" data-e-type=\"container\">\n\t\t\t\t\t<div class=\"e-con-inner\">\n\t\t\t\t\t<\/div>\n\t\t\t\t<\/div>\n\t\t\t\t<\/div>\n\t\t","protected":false},"excerpt":{"rendered":"<p>Mastering \u2013 den sista konstn\u00e4rliga delen av din produktion, d\u00e4r din skapade ljudbild &#8221;limmas&#8221; ihop till en homogen lyssningsupplevelse. Med noga utvalda analoga och digitala verktyg f\u00f6r\u00e4dlas din musik. Jag tar emot din musik, mastrar och skickar tillbaka. Enligt min erfarenhet g\u00f6r det att du kan lyssna i den utrustning du \u00e4r van och k\u00e4nner&hellip;&nbsp;<a href=\"https:\/\/earhear.net\/?page_id=463\" rel=\"bookmark\">L\u00e4s mer &raquo;<span class=\"screen-reader-text\">Mastering<\/span><\/a><\/p>\n","protected":false},"author":3,"featured_media":0,"parent":0,"menu_order":0,"comment_status":"closed","ping_status":"closed","template":"","meta":{"_monsterinsights_skip_tracking":false,"_monsterinsights_sitenote_active":false,"_monsterinsights_sitenote_note":"","_monsterinsights_sitenote_category":0,"neve_meta_sidebar":"default","neve_meta_container":"default","neve_meta_enable_content_width":"on","neve_meta_content_width":100,"neve_meta_title_alignment":"","neve_meta_author_avatar":"","neve_post_elements_order":"","neve_meta_disable_header":"","neve_meta_disable_footer":"","neve_meta_disable_title":"off","footnotes":""},"class_list":["post-463","page","type-page","status-publish","hentry"],"yoast_head":"<!-- This site is optimized with the Yoast SEO plugin v27.5 - https:\/\/yoast.com\/product\/yoast-seo-wordpress\/ -->\n<title>Mastering - Ear Hear Musik &amp; Ljud AB<\/title>\n<meta name=\"robots\" content=\"index, follow, max-snippet:-1, max-image-preview:large, max-video-preview:-1\" \/>\n<link rel=\"canonical\" href=\"https:\/\/earhear.net\/?page_id=463\" \/>\n<meta property=\"og:locale\" content=\"sv_SE\" \/>\n<meta property=\"og:type\" content=\"article\" \/>\n<meta property=\"og:title\" content=\"Mastering - Ear Hear Musik &amp; Ljud AB\" \/>\n<meta property=\"og:description\" content=\"Mastering \u2013 den sista konstn\u00e4rliga delen av din produktion, d\u00e4r din skapade ljudbild &#8221;limmas&#8221; ihop till en homogen lyssningsupplevelse. Med noga utvalda analoga och digitala verktyg f\u00f6r\u00e4dlas din musik. Jag tar emot din musik, mastrar och skickar tillbaka. Enligt min erfarenhet g\u00f6r det att du kan lyssna i den utrustning du \u00e4r van och k\u00e4nner&hellip;&nbsp;L\u00e4s mer &raquo;Mastering\" \/>\n<meta property=\"og:url\" content=\"https:\/\/earhear.net\/?page_id=463\" \/>\n<meta property=\"og:site_name\" content=\"Ear Hear Musik &amp; Ljud AB\" \/>\n<meta property=\"article:modified_time\" content=\"2025-08-16T09:13:37+00:00\" \/>\n<meta property=\"og:image\" content=\"https:\/\/earhear.net\/wp-content\/uploads\/2024\/01\/Skarmavbild-2024-01-13-kl.-15.54.34.png\" \/>\n\t<meta property=\"og:image:width\" content=\"198\" \/>\n\t<meta property=\"og:image:height\" content=\"146\" \/>\n\t<meta property=\"og:image:type\" content=\"image\/png\" \/>\n<meta name=\"twitter:card\" content=\"summary_large_image\" \/>\n<meta name=\"twitter:label1\" content=\"Ber\u00e4knad l\u00e4stid\" \/>\n\t<meta name=\"twitter:data1\" content=\"1 minut\" \/>\n<script type=\"application\/ld+json\" class=\"yoast-schema-graph\">{\"@context\":\"https:\\\/\\\/schema.org\",\"@graph\":[{\"@type\":\"WebPage\",\"@id\":\"https:\\\/\\\/earhear.net\\\/?page_id=463\",\"url\":\"https:\\\/\\\/earhear.net\\\/?page_id=463\",\"name\":\"Mastering - Ear Hear Musik &amp; Ljud AB\",\"isPartOf\":{\"@id\":\"https:\\\/\\\/earhear.net\\\/#website\"},\"primaryImageOfPage\":{\"@id\":\"https:\\\/\\\/earhear.net\\\/?page_id=463#primaryimage\"},\"image\":{\"@id\":\"https:\\\/\\\/earhear.net\\\/?page_id=463#primaryimage\"},\"thumbnailUrl\":\"https:\\\/\\\/earhear.net\\\/wp-content\\\/uploads\\\/2024\\\/01\\\/Skarmavbild-2024-01-13-kl.-15.54.34.png\",\"datePublished\":\"2024-01-19T09:36:13+00:00\",\"dateModified\":\"2025-08-16T09:13:37+00:00\",\"breadcrumb\":{\"@id\":\"https:\\\/\\\/earhear.net\\\/?page_id=463#breadcrumb\"},\"inLanguage\":\"sv-SE\",\"potentialAction\":[{\"@type\":\"ReadAction\",\"target\":[\"https:\\\/\\\/earhear.net\\\/?page_id=463\"]}]},{\"@type\":\"ImageObject\",\"inLanguage\":\"sv-SE\",\"@id\":\"https:\\\/\\\/earhear.net\\\/?page_id=463#primaryimage\",\"url\":\"https:\\\/\\\/earhear.net\\\/wp-content\\\/uploads\\\/2024\\\/01\\\/Skarmavbild-2024-01-13-kl.-15.54.34.png\",\"contentUrl\":\"https:\\\/\\\/earhear.net\\\/wp-content\\\/uploads\\\/2024\\\/01\\\/Skarmavbild-2024-01-13-kl.-15.54.34.png\",\"width\":198,\"height\":146},{\"@type\":\"BreadcrumbList\",\"@id\":\"https:\\\/\\\/earhear.net\\\/?page_id=463#breadcrumb\",\"itemListElement\":[{\"@type\":\"ListItem\",\"position\":1,\"name\":\"Home\",\"item\":\"https:\\\/\\\/earhear.net\\\/\"},{\"@type\":\"ListItem\",\"position\":2,\"name\":\"Mastering\"}]},{\"@type\":\"WebSite\",\"@id\":\"https:\\\/\\\/earhear.net\\\/#website\",\"url\":\"https:\\\/\\\/earhear.net\\\/\",\"name\":\"Ear Hear Musik &amp; Ljud AB\",\"description\":\"\",\"potentialAction\":[{\"@type\":\"SearchAction\",\"target\":{\"@type\":\"EntryPoint\",\"urlTemplate\":\"https:\\\/\\\/earhear.net\\\/?s={search_term_string}\"},\"query-input\":{\"@type\":\"PropertyValueSpecification\",\"valueRequired\":true,\"valueName\":\"search_term_string\"}}],\"inLanguage\":\"sv-SE\"}]}<\/script>\n<!-- \/ Yoast SEO plugin. -->","yoast_head_json":{"title":"Mastering - Ear Hear Musik &amp; Ljud AB","robots":{"index":"index","follow":"follow","max-snippet":"max-snippet:-1","max-image-preview":"max-image-preview:large","max-video-preview":"max-video-preview:-1"},"canonical":"https:\/\/earhear.net\/?page_id=463","og_locale":"sv_SE","og_type":"article","og_title":"Mastering - Ear Hear Musik &amp; Ljud AB","og_description":"Mastering \u2013 den sista konstn\u00e4rliga delen av din produktion, d\u00e4r din skapade ljudbild &#8221;limmas&#8221; ihop till en homogen lyssningsupplevelse. Med noga utvalda analoga och digitala verktyg f\u00f6r\u00e4dlas din musik. Jag tar emot din musik, mastrar och skickar tillbaka. Enligt min erfarenhet g\u00f6r det att du kan lyssna i den utrustning du \u00e4r van och k\u00e4nner&hellip;&nbsp;L\u00e4s mer &raquo;Mastering","og_url":"https:\/\/earhear.net\/?page_id=463","og_site_name":"Ear Hear Musik &amp; Ljud AB","article_modified_time":"2025-08-16T09:13:37+00:00","og_image":[{"width":198,"height":146,"url":"https:\/\/earhear.net\/wp-content\/uploads\/2024\/01\/Skarmavbild-2024-01-13-kl.-15.54.34.png","type":"image\/png"}],"twitter_card":"summary_large_image","twitter_misc":{"Ber\u00e4knad l\u00e4stid":"1 minut"},"schema":{"@context":"https:\/\/schema.org","@graph":[{"@type":"WebPage","@id":"https:\/\/earhear.net\/?page_id=463","url":"https:\/\/earhear.net\/?page_id=463","name":"Mastering - Ear Hear Musik &amp; Ljud AB","isPartOf":{"@id":"https:\/\/earhear.net\/#website"},"primaryImageOfPage":{"@id":"https:\/\/earhear.net\/?page_id=463#primaryimage"},"image":{"@id":"https:\/\/earhear.net\/?page_id=463#primaryimage"},"thumbnailUrl":"https:\/\/earhear.net\/wp-content\/uploads\/2024\/01\/Skarmavbild-2024-01-13-kl.-15.54.34.png","datePublished":"2024-01-19T09:36:13+00:00","dateModified":"2025-08-16T09:13:37+00:00","breadcrumb":{"@id":"https:\/\/earhear.net\/?page_id=463#breadcrumb"},"inLanguage":"sv-SE","potentialAction":[{"@type":"ReadAction","target":["https:\/\/earhear.net\/?page_id=463"]}]},{"@type":"ImageObject","inLanguage":"sv-SE","@id":"https:\/\/earhear.net\/?page_id=463#primaryimage","url":"https:\/\/earhear.net\/wp-content\/uploads\/2024\/01\/Skarmavbild-2024-01-13-kl.-15.54.34.png","contentUrl":"https:\/\/earhear.net\/wp-content\/uploads\/2024\/01\/Skarmavbild-2024-01-13-kl.-15.54.34.png","width":198,"height":146},{"@type":"BreadcrumbList","@id":"https:\/\/earhear.net\/?page_id=463#breadcrumb","itemListElement":[{"@type":"ListItem","position":1,"name":"Home","item":"https:\/\/earhear.net\/"},{"@type":"ListItem","position":2,"name":"Mastering"}]},{"@type":"WebSite","@id":"https:\/\/earhear.net\/#website","url":"https:\/\/earhear.net\/","name":"Ear Hear Musik &amp; Ljud AB","description":"","potentialAction":[{"@type":"SearchAction","target":{"@type":"EntryPoint","urlTemplate":"https:\/\/earhear.net\/?s={search_term_string}"},"query-input":{"@type":"PropertyValueSpecification","valueRequired":true,"valueName":"search_term_string"}}],"inLanguage":"sv-SE"}]}},"_links":{"self":[{"href":"https:\/\/earhear.net\/index.php?rest_route=\/wp\/v2\/pages\/463","targetHints":{"allow":["GET"]}}],"collection":[{"href":"https:\/\/earhear.net\/index.php?rest_route=\/wp\/v2\/pages"}],"about":[{"href":"https:\/\/earhear.net\/index.php?rest_route=\/wp\/v2\/types\/page"}],"author":[{"embeddable":true,"href":"https:\/\/earhear.net\/index.php?rest_route=\/wp\/v2\/users\/3"}],"replies":[{"embeddable":true,"href":"https:\/\/earhear.net\/index.php?rest_route=%2Fwp%2Fv2%2Fcomments&post=463"}],"version-history":[{"count":6,"href":"https:\/\/earhear.net\/index.php?rest_route=\/wp\/v2\/pages\/463\/revisions"}],"predecessor-version":[{"id":938,"href":"https:\/\/earhear.net\/index.php?rest_route=\/wp\/v2\/pages\/463\/revisions\/938"}],"wp:attachment":[{"href":"https:\/\/earhear.net\/index.php?rest_route=%2Fwp%2Fv2%2Fmedia&parent=463"}],"curies":[{"name":"wp","href":"https:\/\/api.w.org\/{rel}","templated":true}]}}