{"id":69,"date":"2020-01-27T08:05:29","date_gmt":"2020-01-27T08:05:29","guid":{"rendered":"https:\/\/demosites.io\/web-agency-gb\/?page_id=69"},"modified":"2024-11-21T11:32:14","modified_gmt":"2024-11-21T10:32:14","slug":"samarbeten","status":"publish","type":"page","link":"https:\/\/earhear.net\/?page_id=69","title":{"rendered":"Samarbeten"},"content":{"rendered":"\t\t<div data-elementor-type=\"wp-page\" data-elementor-id=\"69\" class=\"elementor elementor-69\" data-elementor-post-type=\"page\">\n\t\t\t\t<div class=\"elementor-element elementor-element-b7e7a29 e-flex e-con-boxed e-con e-parent\" data-id=\"b7e7a29\" data-element_type=\"container\" data-e-type=\"container\">\n\t\t\t\t\t<div class=\"e-con-inner\">\n\t\t\t\t<div class=\"elementor-element elementor-element-1e2f3f6 elementor-widget__width-initial elementor-widget elementor-widget-text-editor\" data-id=\"1e2f3f6\" data-element_type=\"widget\" data-e-type=\"widget\" data-widget_type=\"text-editor.default\">\n\t\t\t\t<div class=\"elementor-widget-container\">\n\t\t\t\t\t\t\t\t\t<p><iframe title=\"Spotify Embed: EAR HEAR AB\" style=\"border-radius: 12px\" width=\"100%\" height=\"352\" frameborder=\"0\" allowfullscreen allow=\"autoplay; clipboard-write; encrypted-media; fullscreen; picture-in-picture\" loading=\"lazy\" src=\"https:\/\/open.spotify.com\/embed\/playlist\/38fJhTagcsRx1NCqpCp34W?si=fedc497fe89e496a&utm_source=oembed\"><\/iframe><\/p>\t\t\t\t\t\t\t\t<\/div>\n\t\t\t\t<\/div>\n\t\t\t\t\t<\/div>\n\t\t\t\t<\/div>\n\t\t<div class=\"elementor-element elementor-element-9bbb9a8 e-flex e-con-boxed e-con e-parent\" data-id=\"9bbb9a8\" data-element_type=\"container\" data-e-type=\"container\">\n\t\t\t\t\t<div class=\"e-con-inner\">\n\t\t\t\t<div class=\"elementor-element elementor-element-f099cd3 elementor-view-default elementor-widget elementor-widget-icon\" data-id=\"f099cd3\" data-element_type=\"widget\" data-e-type=\"widget\" data-widget_type=\"icon.default\">\n\t\t\t\t<div class=\"elementor-widget-container\">\n\t\t\t\t\t\t\t<div class=\"elementor-icon-wrapper\">\n\t\t\t<div class=\"elementor-icon\">\n\t\t\t<svg aria-hidden=\"true\" class=\"e-font-icon-svg e-far-arrow-alt-circle-up\" viewBox=\"0 0 512 512\" xmlns=\"http:\/\/www.w3.org\/2000\/svg\"><path d=\"M256 504c137 0 248-111 248-248S393 8 256 8 8 119 8 256s111 248 248 248zm0-448c110.5 0 200 89.5 200 200s-89.5 200-200 200S56 366.5 56 256 145.5 56 256 56zm20 328h-40c-6.6 0-12-5.4-12-12V256h-67c-10.7 0-16-12.9-8.5-20.5l99-99c4.7-4.7 12.3-4.7 17 0l99 99c7.6 7.6 2.2 20.5-8.5 20.5h-67v116c0 6.6-5.4 12-12 12z\"><\/path><\/svg>\t\t\t<\/div>\n\t\t<\/div>\n\t\t\t\t\t\t<\/div>\n\t\t\t\t<\/div>\n\t\t\t\t<div class=\"elementor-element elementor-element-ea66627 elementor-widget elementor-widget-text-editor\" data-id=\"ea66627\" data-element_type=\"widget\" data-e-type=\"widget\" data-widget_type=\"text-editor.default\">\n\t\t\t\t<div class=\"elementor-widget-container\">\n\t\t\t\t\t\t\t\t\t<p>Jag samarbetar med musiker och artister i samtliga musikgenrer, fr\u00e5n v\u00e5ra mest folkk\u00e4ra dansband, band och artister till den svenska hiphopscenen, via Mello till tung h\u00e5rdrock och folkmusik. Jag ser fram emot att jobba med din musik!\u00a0<\/p>\t\t\t\t\t\t\t\t<\/div>\n\t\t\t\t<\/div>\n\t\t\t\t\t<\/div>\n\t\t\t\t<\/div>\n\t\t<div class=\"elementor-element elementor-element-01bf42d e-flex e-con-boxed e-con e-parent\" data-id=\"01bf42d\" data-element_type=\"container\" data-e-type=\"container\">\n\t\t\t\t\t<div class=\"e-con-inner\">\n\t\t\t\t<div class=\"elementor-element elementor-element-fb7bc37 elementor-widget elementor-widget-spacer\" data-id=\"fb7bc37\" data-element_type=\"widget\" data-e-type=\"widget\" data-widget_type=\"spacer.default\">\n\t\t\t\t<div class=\"elementor-widget-container\">\n\t\t\t\t\t\t\t<div class=\"elementor-spacer\">\n\t\t\t<div class=\"elementor-spacer-inner\"><\/div>\n\t\t<\/div>\n\t\t\t\t\t\t<\/div>\n\t\t\t\t<\/div>\n\t\t\t\t\t<\/div>\n\t\t\t\t<\/div>\n\t\t<div class=\"elementor-element elementor-element-bd155c1 e-con-full e-flex e-con e-parent\" data-id=\"bd155c1\" data-element_type=\"container\" data-e-type=\"container\">\n\t\t\t\t<div class=\"elementor-element elementor-element-49935d3 gallery-spacing-custom elementor-widget elementor-widget-image-gallery\" data-id=\"49935d3\" data-element_type=\"widget\" data-e-type=\"widget\" data-widget_type=\"image-gallery.default\">\n\t\t\t\t<div class=\"elementor-widget-container\">\n\t\t\t\t\t\t\t<div class=\"elementor-image-gallery\">\n\t\t\t<div id='gallery-1' class='gallery galleryid-69 gallery-columns-4 gallery-size-thumbnail'><figure class='gallery-item'>\n\t\t\t<div class='gallery-icon portrait'>\n\t\t\t\t<a data-elementor-open-lightbox=\"yes\" data-elementor-lightbox-slideshow=\"49935d3\" data-elementor-lightbox-title=\"Sommarkrysset\" data-e-action-hash=\"#elementor-action%3Aaction%3Dlightbox%26settings%3DeyJpZCI6NjY0LCJ1cmwiOiJodHRwczpcL1wvZWFyaGVhci5uZXRcL3dwLWNvbnRlbnRcL3VwbG9hZHNcLzIwMjRcLzAxXC9Ta2FybWF2YmlsZC0yMDI0LTAxLTI1LWtsLi0xMC41NS40Ni5qcGciLCJzbGlkZXNob3ciOiI0OTkzNWQzIn0%3D\" href='https:\/\/earhear.net\/wp-content\/uploads\/2024\/01\/Skarmavbild-2024-01-25-kl.-10.55.46.jpg'><img decoding=\"async\" width=\"150\" height=\"150\" src=\"https:\/\/earhear.net\/wp-content\/uploads\/2024\/01\/Skarmavbild-2024-01-25-kl.-10.55.46-150x150.jpg\" class=\"attachment-thumbnail size-thumbnail\" alt=\"\" aria-describedby=\"gallery-1-664\" \/><\/a>\n\t\t\t<\/div>\n\t\t\t\t<figcaption class='wp-caption-text gallery-caption' id='gallery-1-664'>\n\t\t\t\tSommarkrysset \n\t\t\t\t<\/figcaption><\/figure><figure class='gallery-item'>\n\t\t\t<div class='gallery-icon landscape'>\n\t\t\t\t<a data-elementor-open-lightbox=\"yes\" data-elementor-lightbox-slideshow=\"49935d3\" data-elementor-lightbox-title=\"The Moniker\" data-e-action-hash=\"#elementor-action%3Aaction%3Dlightbox%26settings%3DeyJpZCI6NjQyLCJ1cmwiOiJodHRwczpcL1wvZWFyaGVhci5uZXRcL3dwLWNvbnRlbnRcL3VwbG9hZHNcLzIwMjRcLzAxXC9UaGVNb25pa2VyLXNjYWxlZC5qcGciLCJzbGlkZXNob3ciOiI0OTkzNWQzIn0%3D\" href='https:\/\/earhear.net\/wp-content\/uploads\/2024\/01\/TheMoniker-scaled.jpg'><img decoding=\"async\" width=\"150\" height=\"150\" src=\"https:\/\/earhear.net\/wp-content\/uploads\/2024\/01\/TheMoniker-150x150.jpg\" class=\"attachment-thumbnail size-thumbnail\" alt=\"\" aria-describedby=\"gallery-1-642\" \/><\/a>\n\t\t\t<\/div>\n\t\t\t\t<figcaption class='wp-caption-text gallery-caption' id='gallery-1-642'>\n\t\t\t\tThe Moniker\n\t\t\t\t<\/figcaption><\/figure><figure class='gallery-item'>\n\t\t\t<div class='gallery-icon portrait'>\n\t\t\t\t<a data-elementor-open-lightbox=\"yes\" data-elementor-lightbox-slideshow=\"49935d3\" data-elementor-lightbox-title=\"Stilla Hav - guldskiva\" data-e-action-hash=\"#elementor-action%3Aaction%3Dlightbox%26settings%3DeyJpZCI6NjQxLCJ1cmwiOiJodHRwczpcL1wvZWFyaGVhci5uZXRcL3dwLWNvbnRlbnRcL3VwbG9hZHNcLzIwMjRcLzAxXC9TdGlsbC1oYXYtR1VMRC0xLmpwZyIsInNsaWRlc2hvdyI6IjQ5OTM1ZDMifQ%3D%3D\" href='https:\/\/earhear.net\/wp-content\/uploads\/2024\/01\/Still-hav-GULD-1.jpg'><img decoding=\"async\" width=\"150\" height=\"150\" src=\"https:\/\/earhear.net\/wp-content\/uploads\/2024\/01\/Still-hav-GULD-1-150x150.jpg\" class=\"attachment-thumbnail size-thumbnail\" alt=\"\" aria-describedby=\"gallery-1-641\" \/><\/a>\n\t\t\t<\/div>\n\t\t\t\t<figcaption class='wp-caption-text gallery-caption' id='gallery-1-641'>\n\t\t\t\tStilla Hav &#8211; guldskiva\n\t\t\t\t<\/figcaption><\/figure><figure class='gallery-item'>\n\t\t\t<div class='gallery-icon landscape'>\n\t\t\t\t<a data-elementor-open-lightbox=\"yes\" data-elementor-lightbox-slideshow=\"49935d3\" data-elementor-lightbox-title=\"Lugna Rum - guldskiva\" data-e-action-hash=\"#elementor-action%3Aaction%3Dlightbox%26settings%3DeyJpZCI6NjQwLCJ1cmwiOiJodHRwczpcL1wvZWFyaGVhci5uZXRcL3dwLWNvbnRlbnRcL3VwbG9hZHNcLzIwMjRcLzAxXC9TUEEtMDA1LTEuanBnIiwic2xpZGVzaG93IjoiNDk5MzVkMyJ9\" href='https:\/\/earhear.net\/wp-content\/uploads\/2024\/01\/SPA-005-1.jpg'><img loading=\"lazy\" decoding=\"async\" width=\"150\" height=\"150\" src=\"https:\/\/earhear.net\/wp-content\/uploads\/2024\/01\/SPA-005-1-150x150.jpg\" class=\"attachment-thumbnail size-thumbnail\" alt=\"\" aria-describedby=\"gallery-1-640\" \/><\/a>\n\t\t\t<\/div>\n\t\t\t\t<figcaption class='wp-caption-text gallery-caption' id='gallery-1-640'>\n\t\t\t\tLugna Rum &#8211; guldskiva\n\t\t\t\t<\/figcaption><\/figure><figure class='gallery-item'>\n\t\t\t<div class='gallery-icon landscape'>\n\t\t\t\t<a data-elementor-open-lightbox=\"yes\" data-elementor-lightbox-slideshow=\"49935d3\" data-elementor-lightbox-title=\"Robert Broberg\" data-e-action-hash=\"#elementor-action%3Aaction%3Dlightbox%26settings%3DeyJpZCI6NjM5LCJ1cmwiOiJodHRwczpcL1wvZWFyaGVhci5uZXRcL3dwLWNvbnRlbnRcL3VwbG9hZHNcLzIwMjRcLzAxXC9Sb2JlcnQtMS5qcGciLCJzbGlkZXNob3ciOiI0OTkzNWQzIn0%3D\" href='https:\/\/earhear.net\/wp-content\/uploads\/2024\/01\/Robert-1.jpg'><img loading=\"lazy\" decoding=\"async\" width=\"150\" height=\"150\" src=\"https:\/\/earhear.net\/wp-content\/uploads\/2024\/01\/Robert-1-150x150.jpg\" class=\"attachment-thumbnail size-thumbnail\" alt=\"\" aria-describedby=\"gallery-1-639\" \/><\/a>\n\t\t\t<\/div>\n\t\t\t\t<figcaption class='wp-caption-text gallery-caption' id='gallery-1-639'>\n\t\t\t\tRobert Broberg\n\t\t\t\t<\/figcaption><\/figure><figure class='gallery-item'>\n\t\t\t<div class='gallery-icon portrait'>\n\t\t\t\t<a data-elementor-open-lightbox=\"yes\" data-elementor-lightbox-slideshow=\"49935d3\" data-elementor-lightbox-title=\"Olle J\u00f6nsson\" data-e-action-hash=\"#elementor-action%3Aaction%3Dlightbox%26settings%3DeyJpZCI6NjM4LCJ1cmwiOiJodHRwczpcL1wvZWFyaGVhci5uZXRcL3dwLWNvbnRlbnRcL3VwbG9hZHNcLzIwMjRcLzAxXC9PbGxlLUpvbnNzb24tMS5qcGciLCJzbGlkZXNob3ciOiI0OTkzNWQzIn0%3D\" href='https:\/\/earhear.net\/wp-content\/uploads\/2024\/01\/Olle-Jonsson-1.jpg'><img loading=\"lazy\" decoding=\"async\" width=\"150\" height=\"150\" src=\"https:\/\/earhear.net\/wp-content\/uploads\/2024\/01\/Olle-Jonsson-1-150x150.jpg\" class=\"attachment-thumbnail size-thumbnail\" alt=\"\" aria-describedby=\"gallery-1-638\" \/><\/a>\n\t\t\t<\/div>\n\t\t\t\t<figcaption class='wp-caption-text gallery-caption' id='gallery-1-638'>\n\t\t\t\tOlle J\u00f6nsson\n\t\t\t\t<\/figcaption><\/figure><figure class='gallery-item'>\n\t\t\t<div class='gallery-icon portrait'>\n\t\t\t\t<a data-elementor-open-lightbox=\"yes\" data-elementor-lightbox-slideshow=\"49935d3\" data-elementor-lightbox-title=\"Maria Sur\" data-e-action-hash=\"#elementor-action%3Aaction%3Dlightbox%26settings%3DeyJpZCI6NjM3LCJ1cmwiOiJodHRwczpcL1wvZWFyaGVhci5uZXRcL3dwLWNvbnRlbnRcL3VwbG9hZHNcLzIwMjRcLzAxXC9NYXJpYS1TdXItMS1zY2FsZWQuanBnIiwic2xpZGVzaG93IjoiNDk5MzVkMyJ9\" href='https:\/\/earhear.net\/wp-content\/uploads\/2024\/01\/Maria-Sur-1-scaled.jpg'><img loading=\"lazy\" decoding=\"async\" width=\"150\" height=\"150\" src=\"https:\/\/earhear.net\/wp-content\/uploads\/2024\/01\/Maria-Sur-1-150x150.jpg\" class=\"attachment-thumbnail size-thumbnail\" alt=\"\" aria-describedby=\"gallery-1-637\" \/><\/a>\n\t\t\t<\/div>\n\t\t\t\t<figcaption class='wp-caption-text gallery-caption' id='gallery-1-637'>\n\t\t\t\tMaria Sur\n\t\t\t\t<\/figcaption><\/figure><figure class='gallery-item'>\n\t\t\t<div class='gallery-icon portrait'>\n\t\t\t\t<a data-elementor-open-lightbox=\"yes\" data-elementor-lightbox-slideshow=\"49935d3\" data-elementor-lightbox-title=\"Ann-Louise, Siw, Barbro\" data-e-action-hash=\"#elementor-action%3Aaction%3Dlightbox%26settings%3DeyJpZCI6NjM2LCJ1cmwiOiJodHRwczpcL1wvZWFyaGVhci5uZXRcL3dwLWNvbnRlbnRcL3VwbG9hZHNcLzIwMjRcLzAxXC9MaWxsYmFicy0xLXNjYWxlZC5qcGciLCJzbGlkZXNob3ciOiI0OTkzNWQzIn0%3D\" href='https:\/\/earhear.net\/wp-content\/uploads\/2024\/01\/Lillbabs-1-scaled.jpg'><img loading=\"lazy\" decoding=\"async\" width=\"150\" height=\"150\" src=\"https:\/\/earhear.net\/wp-content\/uploads\/2024\/01\/Lillbabs-1-150x150.jpg\" class=\"attachment-thumbnail size-thumbnail\" alt=\"\" aria-describedby=\"gallery-1-636\" \/><\/a>\n\t\t\t<\/div>\n\t\t\t\t<figcaption class='wp-caption-text gallery-caption' id='gallery-1-636'>\n\t\t\t\tAnn-Louise, Siw, Barbro\n\t\t\t\t<\/figcaption><\/figure><figure class='gallery-item'>\n\t\t\t<div class='gallery-icon portrait'>\n\t\t\t\t<a data-elementor-open-lightbox=\"yes\" data-elementor-lightbox-slideshow=\"49935d3\" data-elementor-lightbox-title=\"A36\" data-e-action-hash=\"#elementor-action%3Aaction%3Dlightbox%26settings%3DeyJpZCI6NjE4LCJ1cmwiOiJodHRwczpcL1wvZWFyaGVhci5uZXRcL3dwLWNvbnRlbnRcL3VwbG9hZHNcLzIwMjRcLzAxXC9BMzYtc2NhbGVkLmpwZyIsInNsaWRlc2hvdyI6IjQ5OTM1ZDMifQ%3D%3D\" href='https:\/\/earhear.net\/wp-content\/uploads\/2024\/01\/A36-scaled.jpg'><img loading=\"lazy\" decoding=\"async\" width=\"150\" height=\"150\" src=\"https:\/\/earhear.net\/wp-content\/uploads\/2024\/01\/A36-150x150.jpg\" class=\"attachment-thumbnail size-thumbnail\" alt=\"\" aria-describedby=\"gallery-1-618\" \/><\/a>\n\t\t\t<\/div>\n\t\t\t\t<figcaption class='wp-caption-text gallery-caption' id='gallery-1-618'>\n\t\t\t\tA36\n\t\t\t\t<\/figcaption><\/figure><figure class='gallery-item'>\n\t\t\t<div class='gallery-icon portrait'>\n\t\t\t\t<a data-elementor-open-lightbox=\"yes\" data-elementor-lightbox-slideshow=\"49935d3\" data-elementor-lightbox-title=\"Aden x Asme\" data-e-action-hash=\"#elementor-action%3Aaction%3Dlightbox%26settings%3DeyJpZCI6NjMzLCJ1cmwiOiJodHRwczpcL1wvZWFyaGVhci5uZXRcL3dwLWNvbnRlbnRcL3VwbG9hZHNcLzIwMjRcLzAxXC9Bc21lLTEtc2NhbGVkLmpwZyIsInNsaWRlc2hvdyI6IjQ5OTM1ZDMifQ%3D%3D\" href='https:\/\/earhear.net\/wp-content\/uploads\/2024\/01\/Asme-1-scaled.jpg'><img loading=\"lazy\" decoding=\"async\" width=\"150\" height=\"150\" src=\"https:\/\/earhear.net\/wp-content\/uploads\/2024\/01\/Asme-1-150x150.jpg\" class=\"attachment-thumbnail size-thumbnail\" alt=\"\" aria-describedby=\"gallery-1-633\" \/><\/a>\n\t\t\t<\/div>\n\t\t\t\t<figcaption class='wp-caption-text gallery-caption' id='gallery-1-633'>\n\t\t\t\tAden x Asme\n\t\t\t\t<\/figcaption><\/figure><figure class='gallery-item'>\n\t\t\t<div class='gallery-icon portrait'>\n\t\t\t\t<a data-elementor-open-lightbox=\"yes\" data-elementor-lightbox-slideshow=\"49935d3\" data-elementor-lightbox-title=\"Flamingokvintetten\" data-e-action-hash=\"#elementor-action%3Aaction%3Dlightbox%26settings%3DeyJpZCI6NjM0LCJ1cmwiOiJodHRwczpcL1wvZWFyaGVhci5uZXRcL3dwLWNvbnRlbnRcL3VwbG9hZHNcLzIwMjRcLzAxXC9GbGFtaW5nb2t2aW50ZXR0ZW4tMS1zY2FsZWQuanBnIiwic2xpZGVzaG93IjoiNDk5MzVkMyJ9\" href='https:\/\/earhear.net\/wp-content\/uploads\/2024\/01\/Flamingokvintetten-1-scaled.jpg'><img loading=\"lazy\" decoding=\"async\" width=\"150\" height=\"150\" src=\"https:\/\/earhear.net\/wp-content\/uploads\/2024\/01\/Flamingokvintetten-1-150x150.jpg\" class=\"attachment-thumbnail size-thumbnail\" alt=\"\" aria-describedby=\"gallery-1-634\" \/><\/a>\n\t\t\t<\/div>\n\t\t\t\t<figcaption class='wp-caption-text gallery-caption' id='gallery-1-634'>\n\t\t\t\tFlamingokvintetten\n\t\t\t\t<\/figcaption><\/figure><figure class='gallery-item'>\n\t\t\t<div class='gallery-icon landscape'>\n\t\t\t\t<a data-elementor-open-lightbox=\"yes\" data-elementor-lightbox-slideshow=\"49935d3\" data-elementor-lightbox-title=\"Dalar\u00f6 B\u00e5tklubb 75 \u00e5r\" data-e-action-hash=\"#elementor-action%3Aaction%3Dlightbox%26settings%3DeyJpZCI6NjM1LCJ1cmwiOiJodHRwczpcL1wvZWFyaGVhci5uZXRcL3dwLWNvbnRlbnRcL3VwbG9hZHNcLzIwMjRcLzAxXC9KYWxrYW4tMS5qcGciLCJzbGlkZXNob3ciOiI0OTkzNWQzIn0%3D\" href='https:\/\/earhear.net\/wp-content\/uploads\/2024\/01\/Jalkan-1.jpg'><img loading=\"lazy\" decoding=\"async\" width=\"150\" height=\"150\" src=\"https:\/\/earhear.net\/wp-content\/uploads\/2024\/01\/Jalkan-1-150x150.jpg\" class=\"attachment-thumbnail size-thumbnail\" alt=\"\" aria-describedby=\"gallery-1-635\" \/><\/a>\n\t\t\t<\/div>\n\t\t\t\t<figcaption class='wp-caption-text gallery-caption' id='gallery-1-635'>\n\t\t\t\tDalar\u00f6 B\u00e5tklubb 75 \u00e5r\n\t\t\t\t<\/figcaption><\/figure><figure class='gallery-item'>\n\t\t\t<div class='gallery-icon portrait'>\n\t\t\t\t<a data-elementor-open-lightbox=\"yes\" data-elementor-lightbox-slideshow=\"49935d3\" data-elementor-lightbox-title=\"Tone Sekelius\" data-e-action-hash=\"#elementor-action%3Aaction%3Dlightbox%26settings%3DeyJpZCI6NjI1LCJ1cmwiOiJodHRwczpcL1wvZWFyaGVhci5uZXRcL3dwLWNvbnRlbnRcL3VwbG9hZHNcLzIwMjRcLzAxXC9Ub25lLVNla2VsaXVzLXNjYWxlZC5qcGciLCJzbGlkZXNob3ciOiI0OTkzNWQzIn0%3D\" href='https:\/\/earhear.net\/wp-content\/uploads\/2024\/01\/Tone-Sekelius-scaled.jpg'><img loading=\"lazy\" decoding=\"async\" width=\"150\" height=\"150\" src=\"https:\/\/earhear.net\/wp-content\/uploads\/2024\/01\/Tone-Sekelius-150x150.jpg\" class=\"attachment-thumbnail size-thumbnail\" alt=\"\" aria-describedby=\"gallery-1-625\" \/><\/a>\n\t\t\t<\/div>\n\t\t\t\t<figcaption class='wp-caption-text gallery-caption' id='gallery-1-625'>\n\t\t\t\tTone Sekelius\n\t\t\t\t<\/figcaption><\/figure>\n\t\t<\/div>\n\t\t<\/div>\n\t\t\t\t\t\t<\/div>\n\t\t\t\t<\/div>\n\t\t\t\t<\/div>\n\t\t\t\t<\/div>\n\t\t","protected":false},"excerpt":{"rendered":"<p>Jag samarbetar med musiker och artister i samtliga musikgenrer, fr\u00e5n v\u00e5ra mest folkk\u00e4ra dansband, band och artister till den svenska hiphopscenen, via Mello till tung h\u00e5rdrock och folkmusik. Jag ser fram emot att jobba med din musik!\u00a0 Sommarkrysset The Moniker Stilla Hav &#8211; guldskiva Lugna Rum &#8211; guldskiva Robert Broberg Olle J\u00f6nsson Maria Sur Ann-Louise,&hellip;&nbsp;<a href=\"https:\/\/earhear.net\/?page_id=69\" rel=\"bookmark\">L\u00e4s mer &raquo;<span class=\"screen-reader-text\">Samarbeten<\/span><\/a><\/p>\n","protected":false},"author":3,"featured_media":0,"parent":0,"menu_order":0,"comment_status":"closed","ping_status":"closed","template":"","meta":{"_monsterinsights_skip_tracking":false,"_monsterinsights_sitenote_active":false,"_monsterinsights_sitenote_note":"","_monsterinsights_sitenote_category":0,"neve_meta_sidebar":"full-width","neve_meta_container":"default","neve_meta_enable_content_width":"on","neve_meta_content_width":100,"neve_meta_title_alignment":"left","neve_meta_author_avatar":"","neve_post_elements_order":"","neve_meta_disable_header":"","neve_meta_disable_footer":"","neve_meta_disable_title":"off","footnotes":""},"class_list":["post-69","page","type-page","status-publish","hentry"],"yoast_head":"<!-- This site is optimized with the Yoast SEO plugin v27.6 - https:\/\/yoast.com\/product\/yoast-seo-wordpress\/ -->\n<title>Samarbeten - Ear Hear Musik &amp; Ljud AB<\/title>\n<meta name=\"robots\" content=\"index, follow, max-snippet:-1, max-image-preview:large, max-video-preview:-1\" \/>\n<link rel=\"canonical\" href=\"https:\/\/earhear.net\/?page_id=69\" \/>\n<meta property=\"og:locale\" content=\"sv_SE\" \/>\n<meta property=\"og:type\" content=\"article\" \/>\n<meta property=\"og:title\" content=\"Samarbeten - Ear Hear Musik &amp; Ljud AB\" \/>\n<meta property=\"og:description\" content=\"Jag samarbetar med musiker och artister i samtliga musikgenrer, fr\u00e5n v\u00e5ra mest folkk\u00e4ra dansband, band och artister till den svenska hiphopscenen, via Mello till tung h\u00e5rdrock och folkmusik. Jag ser fram emot att jobba med din musik!\u00a0 Sommarkrysset The Moniker Stilla Hav &#8211; guldskiva Lugna Rum &#8211; guldskiva Robert Broberg Olle J\u00f6nsson Maria Sur Ann-Louise,&hellip;&nbsp;L\u00e4s mer &raquo;Samarbeten\" \/>\n<meta property=\"og:url\" content=\"https:\/\/earhear.net\/?page_id=69\" \/>\n<meta property=\"og:site_name\" content=\"Ear Hear Musik &amp; Ljud AB\" \/>\n<meta property=\"article:modified_time\" content=\"2024-11-21T10:32:14+00:00\" \/>\n<meta property=\"og:image\" content=\"https:\/\/earhear.net\/wp-content\/uploads\/2024\/01\/Skarmavbild-2024-01-25-kl.-10.55.46-150x150.jpg\" \/>\n<meta name=\"twitter:card\" content=\"summary_large_image\" \/>\n<meta name=\"twitter:label1\" content=\"Ber\u00e4knad l\u00e4stid\" \/>\n\t<meta name=\"twitter:data1\" content=\"3 minuter\" \/>\n<script type=\"application\/ld+json\" class=\"yoast-schema-graph\">{\"@context\":\"https:\\\/\\\/schema.org\",\"@graph\":[{\"@type\":\"WebPage\",\"@id\":\"https:\\\/\\\/earhear.net\\\/?page_id=69\",\"url\":\"https:\\\/\\\/earhear.net\\\/?page_id=69\",\"name\":\"Samarbeten - Ear Hear Musik &amp; Ljud AB\",\"isPartOf\":{\"@id\":\"https:\\\/\\\/earhear.net\\\/#website\"},\"primaryImageOfPage\":{\"@id\":\"https:\\\/\\\/earhear.net\\\/?page_id=69#primaryimage\"},\"image\":{\"@id\":\"https:\\\/\\\/earhear.net\\\/?page_id=69#primaryimage\"},\"thumbnailUrl\":\"https:\\\/\\\/earhear.net\\\/wp-content\\\/uploads\\\/2024\\\/01\\\/Skarmavbild-2024-01-25-kl.-10.55.46-150x150.jpg\",\"datePublished\":\"2020-01-27T08:05:29+00:00\",\"dateModified\":\"2024-11-21T10:32:14+00:00\",\"breadcrumb\":{\"@id\":\"https:\\\/\\\/earhear.net\\\/?page_id=69#breadcrumb\"},\"inLanguage\":\"sv-SE\",\"potentialAction\":[{\"@type\":\"ReadAction\",\"target\":[\"https:\\\/\\\/earhear.net\\\/?page_id=69\"]}]},{\"@type\":\"ImageObject\",\"inLanguage\":\"sv-SE\",\"@id\":\"https:\\\/\\\/earhear.net\\\/?page_id=69#primaryimage\",\"url\":\"https:\\\/\\\/earhear.net\\\/wp-content\\\/uploads\\\/2024\\\/01\\\/Skarmavbild-2024-01-25-kl.-10.55.46.jpg\",\"contentUrl\":\"https:\\\/\\\/earhear.net\\\/wp-content\\\/uploads\\\/2024\\\/01\\\/Skarmavbild-2024-01-25-kl.-10.55.46.jpg\",\"width\":740,\"height\":1190,\"caption\":\"Sommarkrysset\"},{\"@type\":\"BreadcrumbList\",\"@id\":\"https:\\\/\\\/earhear.net\\\/?page_id=69#breadcrumb\",\"itemListElement\":[{\"@type\":\"ListItem\",\"position\":1,\"name\":\"Home\",\"item\":\"https:\\\/\\\/earhear.net\\\/\"},{\"@type\":\"ListItem\",\"position\":2,\"name\":\"Samarbeten\"}]},{\"@type\":\"WebSite\",\"@id\":\"https:\\\/\\\/earhear.net\\\/#website\",\"url\":\"https:\\\/\\\/earhear.net\\\/\",\"name\":\"Ear Hear Musik &amp; Ljud AB\",\"description\":\"\",\"potentialAction\":[{\"@type\":\"SearchAction\",\"target\":{\"@type\":\"EntryPoint\",\"urlTemplate\":\"https:\\\/\\\/earhear.net\\\/?s={search_term_string}\"},\"query-input\":{\"@type\":\"PropertyValueSpecification\",\"valueRequired\":true,\"valueName\":\"search_term_string\"}}],\"inLanguage\":\"sv-SE\"}]}<\/script>\n<!-- \/ Yoast SEO plugin. -->","yoast_head_json":{"title":"Samarbeten - Ear Hear Musik &amp; Ljud AB","robots":{"index":"index","follow":"follow","max-snippet":"max-snippet:-1","max-image-preview":"max-image-preview:large","max-video-preview":"max-video-preview:-1"},"canonical":"https:\/\/earhear.net\/?page_id=69","og_locale":"sv_SE","og_type":"article","og_title":"Samarbeten - Ear Hear Musik &amp; Ljud AB","og_description":"Jag samarbetar med musiker och artister i samtliga musikgenrer, fr\u00e5n v\u00e5ra mest folkk\u00e4ra dansband, band och artister till den svenska hiphopscenen, via Mello till tung h\u00e5rdrock och folkmusik. Jag ser fram emot att jobba med din musik!\u00a0 Sommarkrysset The Moniker Stilla Hav &#8211; guldskiva Lugna Rum &#8211; guldskiva Robert Broberg Olle J\u00f6nsson Maria Sur Ann-Louise,&hellip;&nbsp;L\u00e4s mer &raquo;Samarbeten","og_url":"https:\/\/earhear.net\/?page_id=69","og_site_name":"Ear Hear Musik &amp; Ljud AB","article_modified_time":"2024-11-21T10:32:14+00:00","og_image":[{"url":"https:\/\/earhear.net\/wp-content\/uploads\/2024\/01\/Skarmavbild-2024-01-25-kl.-10.55.46-150x150.jpg","type":"","width":"","height":""}],"twitter_card":"summary_large_image","twitter_misc":{"Ber\u00e4knad l\u00e4stid":"3 minuter"},"schema":{"@context":"https:\/\/schema.org","@graph":[{"@type":"WebPage","@id":"https:\/\/earhear.net\/?page_id=69","url":"https:\/\/earhear.net\/?page_id=69","name":"Samarbeten - Ear Hear Musik &amp; Ljud AB","isPartOf":{"@id":"https:\/\/earhear.net\/#website"},"primaryImageOfPage":{"@id":"https:\/\/earhear.net\/?page_id=69#primaryimage"},"image":{"@id":"https:\/\/earhear.net\/?page_id=69#primaryimage"},"thumbnailUrl":"https:\/\/earhear.net\/wp-content\/uploads\/2024\/01\/Skarmavbild-2024-01-25-kl.-10.55.46-150x150.jpg","datePublished":"2020-01-27T08:05:29+00:00","dateModified":"2024-11-21T10:32:14+00:00","breadcrumb":{"@id":"https:\/\/earhear.net\/?page_id=69#breadcrumb"},"inLanguage":"sv-SE","potentialAction":[{"@type":"ReadAction","target":["https:\/\/earhear.net\/?page_id=69"]}]},{"@type":"ImageObject","inLanguage":"sv-SE","@id":"https:\/\/earhear.net\/?page_id=69#primaryimage","url":"https:\/\/earhear.net\/wp-content\/uploads\/2024\/01\/Skarmavbild-2024-01-25-kl.-10.55.46.jpg","contentUrl":"https:\/\/earhear.net\/wp-content\/uploads\/2024\/01\/Skarmavbild-2024-01-25-kl.-10.55.46.jpg","width":740,"height":1190,"caption":"Sommarkrysset"},{"@type":"BreadcrumbList","@id":"https:\/\/earhear.net\/?page_id=69#breadcrumb","itemListElement":[{"@type":"ListItem","position":1,"name":"Home","item":"https:\/\/earhear.net\/"},{"@type":"ListItem","position":2,"name":"Samarbeten"}]},{"@type":"WebSite","@id":"https:\/\/earhear.net\/#website","url":"https:\/\/earhear.net\/","name":"Ear Hear Musik &amp; Ljud AB","description":"","potentialAction":[{"@type":"SearchAction","target":{"@type":"EntryPoint","urlTemplate":"https:\/\/earhear.net\/?s={search_term_string}"},"query-input":{"@type":"PropertyValueSpecification","valueRequired":true,"valueName":"search_term_string"}}],"inLanguage":"sv-SE"}]}},"_links":{"self":[{"href":"https:\/\/earhear.net\/index.php?rest_route=\/wp\/v2\/pages\/69","targetHints":{"allow":["GET"]}}],"collection":[{"href":"https:\/\/earhear.net\/index.php?rest_route=\/wp\/v2\/pages"}],"about":[{"href":"https:\/\/earhear.net\/index.php?rest_route=\/wp\/v2\/types\/page"}],"author":[{"embeddable":true,"href":"https:\/\/earhear.net\/index.php?rest_route=\/wp\/v2\/users\/3"}],"replies":[{"embeddable":true,"href":"https:\/\/earhear.net\/index.php?rest_route=%2Fwp%2Fv2%2Fcomments&post=69"}],"version-history":[{"count":6,"href":"https:\/\/earhear.net\/index.php?rest_route=\/wp\/v2\/pages\/69\/revisions"}],"predecessor-version":[{"id":895,"href":"https:\/\/earhear.net\/index.php?rest_route=\/wp\/v2\/pages\/69\/revisions\/895"}],"wp:attachment":[{"href":"https:\/\/earhear.net\/index.php?rest_route=%2Fwp%2Fv2%2Fmedia&parent=69"}],"curies":[{"name":"wp","href":"https:\/\/api.w.org\/{rel}","templated":true}]}}